 - 10 - z + 21. Let r(h) = -h**3 - 3*h**2 - h + 3. Let l be r(-3). Give q(l).
7
Let l(h) = -4 - 2*h**3 + 3*h**3 + 35*h**2 - 49*h - 43*h**2 + 40*h. Suppose 0*o - 18 = -2*o. Give l(o).
-4
Let r(o) = -o**3 - 3*o**2 - o - 1. Let f(a) = -2*a**2 + 16 - 27*a + 5*a - 29*a. Let c be f(-26). Let z be 35/c + (15/6 - 2). Calculate r(z).
2
Let y(h) = 4*h + 18. Let x(v) = 6*v + 13. Let j(z) = -7*z - 9. Let c(r) = -2*j(r) - 3*x(r). Let s(t) = -5*c(t) - 6*y(t). Calculate s(-4).
13
Let y be 1/(3/(-6)) - (-56)/14. Let b(c) = 1314*c**2 - 1 + 6*c - 5*c - 1308*c**y. Give b(1).
6
Suppose -63*u - 65*u + 1152 = 0. Let x(t) = 9*t + 16. Calculate x(u).
97
Let h(v) be the first derivative of v**5/60 - 5*v**4/12 - 2*v**3/3 + v**2/2 - 6*v - 89. Let p(u) be the second derivative of h(u). Give p(8).
-20
Let o(g) = 20*g - 6*g + 9807 - 4904 + 2*g - 4892. What is o(-2)?
-21
Suppose l = y + 1, -5*y + 40 = 4*l - 0*l. Let p(z) = 2*z. Let s = 59 + -60. Let w(c) = 4*c - 4. Let m(r) = s*p(r) + w(r). Determine m(l).
6
Let l(k) = 4*k**2 + 4*k + 2. Let j = -838 - -209. Let p = -631 - j. What is l(p)?
10
Let c(j) be the second derivative of -j**4/12 + 3*j**3/2 - 7*j**2/2 - 513*j - 19. Let f(v) = v**3 - 3*v**2 - 2*v + 1. Let k be f(4). What is c(k)?
-7
Let i(a) = -17*a + 62*a - 18*a - 284 - 17*a - 24. What is i(31)?
2
Let d(s) = 4 - 9*s - 269*s**2 + 107*s**2 + 163*s**2. What is d(9)?
4
Let o = 0 - 0. Let q(n) = n**2 - n - 2. Let s(k) = 3*k**2 - 3*k - 2. Let z be 8 - 3 - (5 + (0 - 3)). Let i(t) = z*s(t) - 8*q(t). Calculate i(o).
10
Let z = 832 - 820. Let o(j) = z*j + 8 + 15*j - 25*j. Calculate o(-9).
-10
Let k(j) = -j - 12. Let t be 24/20*(-5)/(-3)*1. Let z be 2 + 1*(t + 0 + -9). Determine k(z).
-7
Let y = -877 - -876. Let j(p) = 50*p. Calculate j(y).
-50
Suppose n = -4*l - 30, -3*n + 2*l - 117 = -97. Let g(w) = -w**3 - 13*w**2 - 21*w + 23. Give g(n).
-67
Let d(h) = -37*h**2 + 28*h + 74*h**2 - 38*h**2 + 16 - 5*h + 19. Calculate d(24).
11
Let x(s) = -s - 12. Suppose c + c = 4*v - 16, c + 5 = v. Let o be -1 - (c - 3) - 11. Let f be x(o). Let t(a) = -a**2 - 5*a - 7. Give t(f).
-7
Let v(p) be the second derivative of p**4/12 + p**3/2 - 5*p**2/2 - 4*p - 944. Let y be (2/5)/(1/5). Suppose -y*z - 18 = 5*q - 10*q, -5*z + q = 22. Give v(z).
-1
Let v(i) = -5*i**2 - 3*i + 5. Suppose 44 = 21*t - 82. Let f(g) = 11*g**2 + 5*g - 11. Let k(h) = t*f(h) + 13*v(h). Determine k(9).
-1
Let d(b) be the third derivative of b**6/60 + b**5/5 + 7*b**4/12 - 11*b**3/6 + 1091*b**2 - b. Calculate d(-4).
-3
Suppose 2*y + 70 = 4*j, -4*y = 5*j - 6*y - 86. Suppose 27*k - 25*k = j. Let b(d) = -4 - 13*d + 3*d + 8*d + k. What is b(3)?
-2
Let d(z) = -z**3 - 30*z**2 + 64*z + 4. Suppose 2*i - 6*i - 128 = 0. Let m be d(i). Let j(c) = -c**2 + 7*c - 4. What is j(m)?
8
Let a(y) = 1. Let f(s) = s**2 - 10*s + 9. Let z(x) = -a(x) - f(x). Suppose -9*d = -95 - 49. Suppose 0 = -6*p + 4*p - 3*h + 11, 2*p - d = 2*h. Determine z(p).
11
Let f(u) = -5*u - 11. Let w be f(-1). Let n(h) be the third derivative of -h**4/12 + 2*h**3/3 + 884*h**2. Determine n(w).
16
Suppose 797*m - 1585*m + 812*m - 264 = 0. Let q(z) = -z**3 + 13*z**2 - 23*z - 6. Give q(m).
-17
Let g(t) = t**3 + 7*t**2 - 3*t - 10. Suppose 4*r - 130 = -5*k, -k - 68 = -2*r - 2*k. Suppose 7*c - 2*c + r = 0. Give g(c).
11
Let f be ((-10)/4)/((8/(-16))/(-60 + 59)). Let d(n) be the first derivative of -n**4/4 - 2*n**3 - 5*n**2/2 - 4*n + 1. Determine d(f).
-4
Let c(h) = -h**3 + 2*h**2 + 3*h + 3. Suppose -m + 8 = -2. Suppose -99 + 329 = m*s. Suppose s*o - 15 = 18*o. What is c(o)?
3
Let x(v) be the first derivative of v**5/60 + 11*v**4/24 + 2*v**3/3 + 71*v**2/2 + 2*v - 73. Let g(k) be the second derivative of x(k). Give g(-11).
4
Let d(j) = -j**2 - j + 1. Suppose a = -t + 6*t + 2, 5*a + 16 = -t. Determine d(a).
-5
Let u(n) = 2*n**2 + 35*n - 47. Suppose 165*d - 158*d = -133. What is u(d)?
10
Let h be (2/(-16))/((-25)/(-250)) - (-12)/9. Let v(z) be the third derivative of 1/24*z**4 + 0 + 12*z**2 + h*z**5 + 0*z + 7/6*z**3 - 1/120*z**6. Calculate v(5).
12
Let m(c) = 2*c + c**3 + 2 - c - 3*c - 1. Suppose 0 = 8*l + 6*l - 294. Suppose -10*u + l = -3*u. Give m(u).
22
Let f(r) = 2*r**3 - 4*r**2 - 6*r + 3. Let h(p) = -3*p**3 + 5*p**2 + 3*p - 1. Let y be h(-1). Determine f(y).
43
Let d(b) = -3*b + 11 - 2 - 7 + 3 - b**3 + 2 + 5*b**2. Suppose 5*q - 107 = 18. Suppose 4*k + k = 3*f - q, -4*f + 16 = 2*k. Give d(f).
-8
Let k be (9/(-30))/((-3)/8) + (-550)/(-2750). Let g(q) = -69*q**3 - 3*q**2 - q + 3. Give g(k).
-70
Let a(j) be the first derivative of 10*j**2 - 156*j - 14161. Give a(7).
-16
Let x = 556 + -519. Let o(g) = -x*g - 30*g + 6 + 106*g - 38*g. Calculate o(-5).
1
Suppose -w + 2 = -4*m + 6, m - 5*w + 18 = 0. Let v(o) = -20*o**m + 15*o**2 + o - o**3 + 6*o**2 - 18. Calculate v(0).
-18
Let i(p) = -p**3 + 2*p + 1. Let x = -615 + 609. Let c be (-8)/76 - (-296)/(-76) - x. Give i(c).
-3
Let u(o) = -o**2 - 14*o - 44. Let t be u(-7). Suppose 0 = 2*s + 13 - t. Let h(m) be the second derivative of -m**4/12 - 4*m**3/3 + m**2/2 - 4*m. Calculate h(s).
17
Let f = -82 - -119. Let w = f - 37. Let i(t) = 4*t - 3 + w*t - 2 - 3*t. Determine i(9).
4
Let x be (-1 + 0)/(14/(-686)). Let g be -7 + 62 - -1*1. Let k = g - x. Let r(u) = -u**3 + 6*u**2 + 6*u + 4. Give r(k).
-3
Let v(r) = -8*r - 26. Let s be v(-5). Let n(a) = -12*a + s*a + 135 - 127. Give n(6).
20
Let m(j) = -j**3 + 17*j**2 - 22*j + 78. Let s = -8068 + 8084. What is m(s)?
-18
Let b(q) = 2 - 7 - 4*q**3 + q - 7*q**2 + 5*q**3. Let t = 327153 + -327146. Give b(t).
2
Let h(y) be the second derivative of -y**4/3 - 67*y**3/6 - 50*y**2 + 4328*y. What is h(-15)?
5
Suppose -10*v = -12 + 2. Let g(h) = -h**2 - h + 2. Let n(m) = -m**2 - 2*m + 3. Let u(i) = 2*g(i) - n(i). Calculate u(v).
0
Let i(k) = 6*k + 1. Let r be i(1). Suppose -u - r = -5*c, -5*u - 13 = -c - 2*c. Let q(w) = -5*w. Let g(m) = 2*m. Let v(z) = 5*g(z) + 3*q(z). Calculate v(c).
-5
Let g(c) = -3*c + 1. Let o(x) = 11 + 5*x - 9*x + 5*x. Let k be o(-8). Suppose -k*m + 4*u = -17, -3 = -m - 4*u - 8. Calculate g(m).
-8
Let g(o) = -8*o + 422. Let k(q) = 8*q - 217. Let w(x) = 3*g(x) + 4*k(x). What is w(-50)?
-2
Let z(f) = -6*f - 3. Suppose 50*q - 42*q = -696. Let h = q + 90. Calculate z(h).
-21
Suppose -2*u + s + 165 = 3*u, 0 = 5*u + 2*s - 165. Suppose c + 4*g = -1 + u, -2*c - 1 = -5*g. Let n(q) = q**2 - 12*q + 1. What is n(c)?
1
Let v(b) = -b**2 + 22*b + 6. Let r be (-3 + (-72)/(-16))*(-36)/(-3). What is v(r)?
78
Suppose 6*c + 48*c + 5*c - 420 = 24*c. Let x(f) be the first derivative of -f**4/4 + 13*f**3/3 - 7*f**2 + 8*f + 1. What is x(c)?
-16
Let l be ((-54)/(-24))/((-5)/(-280)). Let p(a) = 12 + l*a + 2*a**2 - a**2 - 128*a - 2*a**2. Give p(-6).
-12
Let b = 8483 - 8471. Let m(u) = -u**3 + 12*u**2 + u - 7. Determine m(b).
5
Let d(p) = -p**3 - 8*p**2 + 3. Let t(s) = 2*s**2 - 24*s + 16. Let u be t(29). Let l = -1010 + u. Give d(l).
3
Let o(z) = -z**3 - 3*z**2 - 2*z + 2. Let m be 2 + 1 + (819 - -13)/(-16). Let i be 19/(-6) + m/(-294). What is o(i)?
8
Suppose 16*m - 15*m - 3*o = 4, -4*m - 4*o + 64 = 0. Suppose -3*j + 5*j + m = -3*d, d - 5*j = 7. Let k(t) = t**3 + 2*t**2 + t + 4. Calculate k(d).
-8
Let q(f) = 2*f. Suppose 0 = -7*n + 246 + 104. Suppose -n = -7*r - 3*r. Suppose x + 5*z - 29 = 0, r*x + 0*x - 2*z = 10. Determine q(x).
8
Let b(g) = -4*g - 6. Let p(l) = 7*l + 181. Let h(w) = 5*b(w) - p(w). Calculate h(-8).
5
Let k(c) = -123 - 138 - 45*c - 4*c + 317 - 79 - 2*c**2. Give k(-24).
1
Let q(o) be the third derivative of -o**4/6 + 41*o**3/6 - 10*o**2 + 24*o. Give q(14).
-15
Let y(x) = -35 + 3*x + 224 + 12*x - x - x. Calculate y(-16).
-19
Let f(l) be the first derivative of -1/4*l**4 + 5*l - 2/3*l**3 + 7/2*l**2 - 1. Calculate f(-4).
9
Let c(y) be the third derivative of -y**6/360 + 7*y**5/120 - 11*y**4/24 + 25*y**3/3 - 142*y**2. Let d(p) be the first derivative of c(p). Give d(6).
-5
Let s(c) be the first derivative of -c**2 - 2*c - 4730. Calculate s(-16).
30
Let o be 4*-4*(-4 - 10 - (-406)/28). Let w(x) = 13*x + 87. Calculate w(o).
-17
Suppose -41*u - 201 = -78. Let q(p) = -6*p + 3. Let z(s) = 23*s - 13. Let h(w) = -9*q(w) - 2*z(w). Determine h(u).
-25
Let t(g) = -34*g**3 + g**2 - g - 1. Let f be (1899/(-6))/((-18)/24). Let j = f - 423. Give t(j).
35
Let r(a) = a**3 + a**2 - a - 3. Suppose 0 = -5*c + 16 + 9. Let l(x) 